at is the remainder when o is divided by (-15)/2*-2 - 2/1?
10
Let x(p) = p**2 - 6*p - 6. Let f be x(6). Suppose -2 = j + 2*s - 1, -2*j + 4*s - 10 = 0. Calculate the remainder when 69 is divided by j/(-18) - 143/f.
21
Suppose -5*d = -3*f, -f + 3*f = 10. Suppose -5*o - 25 = -5*j, -2*j = d*j + 5*o - 15. What is the remainder when (1/3)/((-1)/(-15)) is divided by j?
1
Suppose 3*z = -2*o + 101, 5*z - 4*o = -o + 143. What is the remainder when z is divided by 9?
4
Let c(m) = -2*m**2 + 6*m + 11. Let k(u) = 3*u + 4. Let n be k(0). What is the remainder when 11 is divided by c(n)?
2
Let o = 137 + -123. Suppose 5*v = 5*k - 80, 4*k + 4*v + o - 54 = 0. What is the remainder when 21 is divided by k?
8
Let m = 126 + -121. Suppose 4*h - 18 = 3*h - 2*l, 0 = -4*h + 5*l + 33. What is the remainder when h is divided by m?
2
Let y = 11 + -7. Let c = 42 - 11. Suppose 2*v = c - 11. Calculate the remainder when v is divided by y.
2
What is the remainder when 2 - ((-101)/1 - 4) is divided by 54?
53
Let q be (((-60)/(-16))/5)/((-1)/4). Calculate the remainder when 43 is divided by 2/q + -159*2/(-18).
9
Suppose 5*v + 30 = 11*v. Suppose 5*u + c + 85 = 318, 245 = 5*u - v*c. What is the remainder when 92 is divided by u?
45
Let z(w) be the third derivative of w**4/8 + 7*w**3 + 3*w**2. What is the remainder when z(0) is divided by 16?
10
Suppose 13177 - 3387 = 10*p. What is the remainder when p is divided by 10?
9
Suppose r = -5*y + 1 - 2, -3*r + 2*y + 48 = 0. What is the remainder when (-5)/(252/1680*(-3)/(36/10)) is divided by r?
12
Suppose -5*p = 3*u - 92, 4*p + 21 = -3*u + 112. Calculate the remainder when 112 is divided by u.
25
Suppose 10*k + 2 = 9*k. Let a = 8 + -3. Calculate the remainder when a is divided by ((-1)/(-1))/(k/(-4)).
1
Suppose 4*g - 137 = 3*n + 218, 0 = -g + 2*n + 90. Suppose 5*z - 4*h - g = 0, 4*h + 30 = 4*z - 42. Calculate the remainder when 29 is divided by z.
13
Suppose -2*w = -7*w. Suppose 4*f + 4*y - 36 = w, 0 = -f + 2*f - 5*y + 9. What is the remainder when (-30)/4*28/(-21) is divided by f?
4
Let n = -12 - -17. Suppose 0 = n*m - 6 - 39. Calculate the remainder when 9 is divided by m/(-15) + 56/10.
4
Let j(w) = -3*w + 2. Let f be j(-1). Let k(o) = o**3 - 5*o**2 + 4*o - 8. What is the remainder when 13 is divided by k(f)?
1
Suppose 7 = 3*o - s - 16, 0 = -3*o + 4*s + 38. Calculate the remainder when 32 is divided by o.
2
Suppose 2*t - 5*j + 0 = 92, 3*t = -j + 121. Suppose 5*l = v + v + 110, 3*v = -5*l + 110. Calculate the remainder when t is divided by l.
19
Suppose -696 = 23*d - 29*d. Suppose 0*o + 4*w = -4*o + d, 5*o - 137 = -3*w. What is the remainder when 49 is divided by o?
24
Let m(i) = i**2 + 13*i + 14. Let s be m(-12). Suppose w + t = -s*w + 125, -4*t - 59 = -w. Calculate the remainder when w is divided by 15.
13
Let f be ((-14)/3)/((-1)/12). Let w = f + -48. What is the remainder when 31 is divided by w?
7
Let g = -244 - -292. What is the remainder when g is divided by 26?
22
Suppose 0 = -3*s - z + 52, -5*s = 5*z - 3*z - 88. Calculate the remainder when 431 is divided by s.
15
Suppose 5*b = 12*b + 308. Calculate the remainder when 125 is divided by (-11)/(b/(-24))*(3 + -6).
17
Let z(q) = 229*q**3 - 7*q**2 + 1. Calculate the remainder when z(1) is divided by 45.
43
What is the remainder when 332 is divided by (-6)/(-5)*(5 - 110/(-6))?
24
Let z = 118 + -14. Let k = z - 87. Calculate the remainder when 49 is divided by k.
15
Let s be 0 + -2 + (-6)/(6/(-2)). Let x(f) = -f**3 + 2*f**3 - 3 + 15 + f. Calculate the remainder when 22 is divided by x(s).
10
Suppose -5*i + 12*k = 9*k - 360, 15 = -3*k. What is the remainder when 195 is divided by i?
57
Suppose 5*f + w - 135 = -0*f, -4*w - 6 = -f. What is the remainder when 95 is divided by f?
17
Let a(x) = 31*x + 90. What is the remainder when a(6) is divided by 133?
10
Let f(q) = -2*q**3 - 10*q**2 + 14*q + 7. Calculate the remainder when f(-8) is divided by 56.
55
Let k(t) = 18*t**2 - 24*t + 5. What is the remainder when k(6) is divided by 19?
15
Let g = -92 + 146. What is the remainder when g is divided by 15?
9
Let x = 1374 - 1039. What is the remainder when x is divided by 114?
107
Suppose c + 5*l = 4*c - 162, 9 = -3*l. Calculate the remainder when c is divided by 18.
13
Let y(n) be the first derivative of -2*n**2 + 7*n + 1. What is the remainder when 56 is divided by y(-3)?
18
Let z(b) = -b**3 + 5*b**2 - 3*b - 3. Let p be z(4). Calculate the remainder when -2*(34/(-12))/(14/126) is divided by (-1)/(1/(-13)*p).
12
Suppose -f + 12 = 5*c, 5*f = -8*c + 11*c + 144. Calculate the remainder when 127 is divided by f.
19
Suppose 0 = -6*w + 11*w + 15. Let s be 6*(0 + w/(-9)). Suppose 2*t - g - 3 = 4, s*t - 32 = -4*g. Calculate the remainder when t is divided by 2.
0
Suppose -2*c = 3*c. Suppose 5*q + c*q = 30. Let z = -277 + 281. Calculate the remainder when q is divided by z.
2
Let z be ((-44)/33)/(4/(-6)). Suppose -z*b = -36 - 22. Suppose l = -7 + b. What is the remainder when 87 is divided by l?
21
Suppose -7*l + 77 = -119. Suppose -n + 1 - 4 = 0, c = 5*n + l. What is the remainder when 64 is divided by c?
12
Let r be (3/(-2))/((-12)/3184). Suppose 4*f + g = -313, -5*f + 5*g - 4*g = r. Let t = -54 - f. What is the remainder when t is divided by 13?
12
Let t(v) = -3*v**2 - 48*v - 34. What is the remainder when t(-13) is divided by 21?
20
Let o = -689 - -724. What is the remainder when 46*(-2)/12*-9 is divided by o?
34
Let t = -12 - -17. Suppose -3*i - 15 = -2*q, -3*q = -3*i + i - 15. Calculate the remainder when t is divided by q.
2
What is the remainder when 1*(1239/7 - -4) is divided by 8?
5
Let o = 318 - -30. Calculate the remainder when o is divided by 25.
23
Suppose 0 = -9*z + 11*z - 16. What is the remainder when 3/4 + 18/z is divided by 2?
1
Let x(y) = y**3 + 4*y**2 + 2*y - 2. Let k be x(-4). Suppose -p - 3*p = -4, 4*p = 5*q - 156. Calculate the remainder when (q/k)/((-10)/125) is divided by 14.
12
Let j(p) = -p - 15. Let b be j(-18). What is the remainder when 3 + (-4 - (b - 5)) - -1 is divided by 1?
0
Let n(s) = -s**3 + 3*s**2 + 8*s - 1. Suppose -3*h - 4*f = -12, f + 1 + 7 = 2*h. Suppose -t - h*t = -40. Calculate the remainder when n(4) is divided by t.
7
Let a = 26 - 15. Suppose 3*s + 150 = -5*n, 0 = 2*n - 4*s - a + 71. Calculate the remainder when (-4 - n - -3)*1 is divided by 16.
13
Let r = 879 + -843. What is the remainder when r is divided by 8?
4
Let y(k) = k**2 + 3*k - 34. Let u be y(5). Suppose v - u = 5. Suppose 0*r = r - 41. Calculate the remainder when r is divided by v.
8
Suppose 0 = -3*y + 10 + 5. Suppose 55 = -y*u + 130. Suppose 0 = -6*z - 7*z + 78. Calculate the remainder when u is divided by z.
3
Let d(s) = 34*s - 1. Let z be d(-1). Let c = -63 - z. Calculate the remainder when 12 is divided by ((-9)/(-18))/((-2)/c).
5
Suppose 0 = -106*o + 105*o + 118. Let x = 85 + -55. What is the remainder when o is divided by x?
28
Suppose -351 = -21*g - 6*g. Let w(c) = 7*c + 6. Calculate the remainder when w(6) is divided by g.
9
What is the remainder when 137 is divided by 1/(1/5*(-80)/(-864))?
29
Suppose 0 = 8*k - 29 - 59. Suppose -12*l + k*l = -152. What is the remainder when l is divided by 17?
16
Let a = 13 + 1. Suppose 0 = -5*r - 5 - 5. Let g(t) = -3*t - 1. Calculate the remainder when a is divided by g(r).
4
Let s = -22 + 22. Suppose 5*a + 5*z - 30 = 260, -3*a + 3*z + 150 = s. What is the remainder when a is divided by 14?
12
Suppose 2*a - a = 68. Let b(j) = 3*j**2 - 2*j - 22. Calculate the remainder when a is divided by b(4).
14
Suppose 2 = -2*c + c, -n + 10 = -3*c. Suppose -2*i + 4 = -4*i. Calculate the remainder when (-55)/(-15) + i/(-6) is divided by n.
0
Let j = 5 + -4. Let v(s) = -6 - j + 2*s + 4. Calculate the remainder when 34 is divided by v(6).
7
Suppose -47*h = -45*h - 52. Calculate the remainder when 410 is divided by h.
20
Suppose -5*k - 15 = -10. Calculate the remainder when 29 is divided by k/((-1 - 1)/(-2))*-17.
12
Suppose 0 = 15*d - 10*d - 120. What is the remainder when 22 is divided by ((-16)/d)/((-1)/9)?
4
Suppose -3*s = -5*o - 21, 0 = -s + 3*o - 4*o + 7. Let j = -1 - s. Let b = j + 21. What is the remainder when 24 is divided by b?
11
What is the remainder when 1392 is divided by (((-119)/(-5))/7 + -2)*5?
6
Let w(z) = z**2 - 27*z + 11. What is the remainder wh